et v(t) = t**3 + 6*t**2 - 7*t + 5. Let d be v(-7). What is p(d)?
-3
Let a(i) = i + 15. Let f(x) = -3*x - 31. Let r(t) = -5*a(t) - 2*f(t). Give r(11).
-2
Let h(w) = 2*w + 5. Let d be h(-4). Let v(r) be the first derivative of -r**4/4 - r**3/3 + 5*r**2/2 + 3*r + 5. Calculate v(d).
6
Let k(d) = 10*d + 6. Let y(n) = 5*n + 3. Let b(c) = 6*k(c) - 13*y(c). Let g be (2 - 6)/((-1)/(-2)). Let h = g + 6. Calculate b(h).
7
Suppose 4*z = -q + 1, -q - z + 5 = 1. Let k(j) be the third derivative of j**6/120 - j**5/12 - j**4/24 + 7*j**3/6 + 11*j**2 + 2. Determine k(q).
2
Suppose -8 = o - 3*o. Let i(h) = -3 - 7*h**2 - 6*h - h**3 + o - 5 + 0*h**3. Give i(-6).
-4
Let v(a) = -4*a**3 - a**2 + 2*a. Let w = 6 - 11. Let i(h) = 7*h**3 + 3*h**2 - 5*h + 1. Let l(n) = w*v(n) - 3*i(n). Calculate l(-5).
-3
Let s(v) = -v**3 + 1. Let n(d) be the second derivative of 3*d**5/20 + d**4/6 - d**3/3 + d**2 - 6*d. Let u(x) = -n(x) + s(x). Let o = -2 + 3. Calculate u(o).
-5
Let o = -8 - -3. Let p(s) = -s**3 - 6*s**2 - 5*s. Give p(o).
0
Let h(j) = -7 - j**3 + 6*j**2 - 3*j - 2*j**3 + 2*j**3 + 0*j**3. What is h(5)?
3
Let c be 5/20 + (-1)/4. Let i(g) be the second derivative of 0 + g + 1/12*g**4 + g**2 + 0*g**3. What is i(c)?
2
Let w be (-8)/(-3)*3/4 - -2. Let t(k) = 2*k**2 - 6*k + 2. Give t(w).
10
Let i(o) = o**3 + 34*o**2 - 36*o - 39. Let x be i(-35). Let s(y) = -y - 6. Give s(x).
-2
Let x(w) = -w**2 - 5*w. Suppose 0 = 3*u + g + g + 28, -u - 3*g = 21. Calculate x(u).
-6
Let j = 12 - 18. Let b = 23 + -21. Let x = j + b. Let v(w) = -w**3 - 4*w**2 - 2*w - 2. Give v(x).
6
Let v(n) = n**3 + 7*n**2 - 8*n + 5. Let b be v(-8). Let l(a) = -a**2 + 7*a - 6. What is l(b)?
4
Let m(r) be the first derivative of -r**4/4 + 7*r**3/3 - 3*r**2 + 8*r - 3. Calculate m(6).
8
Let v(h) = h**2 + 4*h + 2. Let w(d) = -2*d**2 - 4*d + 3. Let y be w(1). Give v(y).
-1
Let s(a) = 0*a**2 - a**2 + 5 + 6*a + 2*a**2. What is s(-6)?
5
Let j(g) = 11*g**2 - 11*g + 13. Let u(f) = 5*f**2 - 5*f + 7. Let l(x) = -4*j(x) + 9*u(x). Calculate l(0).
11
Let u(l) = -l**3 + 6*l**2 + 7*l. Let d(m) = -2*m**3 + 5*m**2 + 7*m - 1. Let z(x) = 2*d(x) - 3*u(x). Calculate z(-7).
-2
Let u(x) = -x**2 + x + 2. Let h(n) = n**2 - 2. Let p be h(-2). Let s = -2 + p. Suppose s*g = 2*g + 4. Calculate u(g).
-4
Let m(i) = -i**3 - 90*i**2 + 2*i + 2 + 88*i**2 - 6. What is m(-3)?
-1
Let u(l) = -2*l + 2. Let v(w) = 4*w - 3. Let b(x) = -5*u(x) - 3*v(x). Let h = -8 - -8. Suppose h = 8*m - 3*m + 25. Calculate b(m).
9
Let h(w) be the second derivative of -10*w + 1/2*w**2 - 5/3*w**3 + 0. Determine h(1).
-9
Suppose -5*t + 3*t = 2. Let c(f) = -f**2 + f + 5. Let y be c(0). Let s(q) = 4*q + y - 4*q - 6 - 3*q**2. Calculate s(t).
-4
Let y(w) be the second derivative of -w**5/20 + w**4/2 - 2*w**2 + 9*w. Determine y(5).
21
Let g = 0 + 2. Let m(z) = -14 + 16 - 4*z**2 + z**g. Calculate m(-2).
-10
Let f(j) = j + 7. Let t(y) = -2*y - 13. Let m(b) = -13*f(b) - 6*t(b). Let i(r) = -r - 20. Let n(w) = 5*i(w) - 7*m(w). Calculate n(6).
3
Let m(i) be the first derivative of i**3/3 + i**2 - 6*i - 2. Let a(t) = t**2 + t - 7. Let n(o) = 3*a(o) - 2*m(o). Calculate n(0).
-9
Let l = 1 + -5. Let a(v) be the third derivative of -v**5/60 - v**4/4 - 5*v**3/6 + 5*v**2. Determine a(l).
3
Let d(p) = -p - 1. Let g(m) be the first derivative of m**5/20 - m**2 + 2*m + 4. Let h(k) be the first derivative of g(k). Let o be h(0). What is d(o)?
1
Let j be (-26)/(-7) - 2/(-7). Let q = -4 + j. Let k(w) = 0*w**2 - w**2 - w - 1 - 1. What is k(q)?
-2
Let x(c) be the first derivative of c**4/24 + c**3 + 3*c**2/2 - 1. Let v(h) be the second derivative of x(h). Let q be v(-6). Let f(a) = -a - 1. Determine f(q).
-1
Let d(q) = -2 - 1 + q - 1 - 2. Give d(10).
4
Let m(y) = y**2 - 3*y + 2. Suppose 0 = 5*t + 4*z - 40, 0*z = -2*t + 3*z + 16. Suppose -4*r = -2*r - 2*n - t, -r + 4*n = -10. What is m(r)?
0
Let u(h) = h - 3 + 5*h - 8 - 5*h. What is u(6)?
-5
Suppose -19*g - 73 = 22. Let a(x) be the second derivative of -x**4/12 - 5*x**3/6 + 5*x**2/2 - x. Give a(g).
5
Let g(k) be the first derivative of k**6/90 + k**5/60 - k**4/24 + k**3/3 + 1. Let l(t) be the third derivative of g(t). Determine l(-2).
11
Let s(t) = -t**2 - 6*t - 5. Let k be s(-5). Suppose 5 = c + c - 5*l, -4*c - l + 21 = k. Suppose 4 = c*x - 1. Let z(y) = -3*y - 1. What is z(x)?
-4
Let g(d) = d - 2 + 1 + 0. Let q(f) = 17*f + 5. Let k(c) = -4*g(c) + q(c). Let n(u) = 3*u + 2. Let i(v) = 2*k(v) - 9*n(v). Give i(3).
-3
Let y be (-4 + 1)/(-1 - 0). Suppose 2*q = y*q - 3. Let o(w) = -w**2 - w. What is o(q)?
-12
Let z(v) = v**3 + 13*v**2 - 13*v + 9. Let b be z(-14). Let c(n) = n**2 + 3*n - 1. Determine c(b).
9
Suppose a - 2 - 9 = 0. Let f(w) = 3 + 4*w + 8*w - a*w + 2*w. Let t(p) = -4*p**2 + 1. Let l be t(-1). Determine f(l).
-6
Suppose 11 = 4*a + a + y, 4*y = -2*a + 8. Let g(u) = u**2 - 3*u + 3. What is g(a)?
1
Let d(w) be the first derivative of -w**2/2 - 6*w + 1. Let m(y) = 1 - 3*y**3 - 4*y + y**2 - 3*y**3 + 3*y. Let s be m(1). Give d(s).
-1
Suppose -3*j + j = 0. Suppose -o + 0*o + 3 = j. Suppose -3*y + 15 + o = 0. Let t(s) = -2*s + 7. What is t(y)?
-5
Let m(c) = -7*c**2 + 2*c - c**3 + 0*c**3 + 8 - 8*c. Give m(-6).
8
Let g be -3 + 4 + -1 - -3. Suppose 2*i + g*y = 6, -4*i - 4*y = -y. Let w(v) be the third derivative of v**5/60 + v**4/12 + v**3/3 - v**2. Calculate w(i).
5
Let c(x) = -15*x**3 + 29*x**3 + 2*x - 4 - 4*x**2 - 13*x**3. What is c(3)?
-7
Let u(v) = v - 10. Suppose 3*l - 9 - 6 = 0. Suppose l*o - 4*o = 0. Give u(o).
-10
Let l be (1 + -1 + 2)/(-1). Let j(u) = -3*u**3 + 2*u**3 - 5 + 6 - 3*u**2. Give j(l).
-3
Suppose m - 3 = -2. Let b(r) = r - 5. Let h(y) = -y + 4. Let t(i) = 3*b(i) + 4*h(i). Calculate t(m).
0
Let z(k) = k**3 - 4*k**2 + 2*k - 3. Let n = -39 + 43. Give z(n).
5
Let q be 14/3 - 1/(-3). Suppose q*u - 2*r + 7*r - 35 = 0, u - r = 11. Let n(p) = p**2 - 10*p + 3. Determine n(u).
-6
Let m(k) = -5*k + 6. Let t(v) = 5*v - 7. Let i(j) = -4*m(j) - 3*t(j). Let c(f) = -f + 1. Let w(d) = -4*c(d) - i(d). What is w(-3)?
2
Let l(n) = n**2 - 8*n + 5. Suppose -9 + 44 = 5*f - 3*x, -4*f + x + 28 = 0. Give l(f).
-2
Let h(d) = 5*d**3 + 6*d**2 + d + 4. Let c(n) = -9*n**3 - 12*n**2 - n - 7. Let y(p) = 6*c(p) + 11*h(p). What is y(5)?
2
Let p(z) = -11*z - 27. Let c(n) = 5*n + 13. Let r(j) = -13*c(j) - 6*p(j). Determine r(-6).
-13
Suppose 0 + 1 = -y. Let z(m) = -8*m**3 + 2*m**2 + 2*m + 1. Calculate z(y).
9
Let r(f) be the first derivative of 5*f**3/3 - f + 3. Let o be 1/2*(-2)/1. Let w be r(o). Let j(q) = -q**3 + 5*q**2 - 3*q - 5. Give j(w).
-1
Let c(r) = 0 - 3 + 1 + 4*r. Let u be 1/(-4) + 18/8. Let n be 21/9 + u/(-6). Give c(n).
6
Let q(p) = -13 - 12 - p + 29. What is q(0)?
4
Let g(j) = j**2 + 8*j + 13. Let q be g(-5). Let o(c) = 2*c + 2. Give o(q).
-2
Let l(c) be the first derivative of c**4/4 - 5*c**3/3 - 7*c**2/2 + 8*c - 49. Let w(y) = -y**3 - y**2 + 6. Let j be w(0). What is l(j)?
2
Let b = -1 + 5. Let a(q) = 4*q + q - b*q. Suppose r + 2 = -0*r - v, -12 = 3*v. What is a(r)?
2
Let w be 14/35 - (-3)/5. Let v(t) = 6*t**2 - t + 1. Calculate v(w).
6
Let g(q) be the third derivative of -q**4/8 - 3*q**3/2 + q**2. Suppose 0 = r + 8 - 2. What is g(r)?
9
Let v(y) = y**3 - 2*y**2 + 3*y - 3. Let d be (-3)/(6 + -18) - (-22)/8. Give v(d).
15
Let o(j) = j**2 - j - 1. Suppose -y - 9 = -10. Give o(y).
-1
Let t(n) = n + 2*n**2 - n + 3*n. Let l be 70/(-25) - (-8)/10. Calculate t(l).
2
Let o(w) be the second derivative of 1/2*w**2 + 0 + 3*w + 0*w**3 + 1/12*w**4. Determine o(-1).
2
Let q be (-16)/(-6) - (-4)/12. Suppose -q*j = -0*j + 24. Let d = 9 + j. Let i(x) = -9*x**3 - x + 1. Give i(d).
-9
Let j be (3 - (-9)/(-2))*(-4)/3. Let u(a) be the second derivative of 1/2*a**3 - 3*a**j + 0 - 2*a. Give u(4).
6
Let g(t) = 3*t**2 + t - 6. Let h(n) = -10*n**2 - 2*n + 19. Let c(o) = -7*g(o) - 2*h(o). What is c(-5)?
-6
Let b(n) be the second derivative of n**5/60 - 5*n**4/24 + 2*n**3/3 - 2*n**2 + 4*n. Let s(w) be the first derivative of b(w). Determine s(5).
4
Let r(l) = l**2 - l + 1. Let c be r(2). Let u(p) = -4*p + 2 + p + c*p + p. Give u(6).
8
Let l(p) = p**3 + 6*p**2 + 4*p - 3. Let o = -12 - -22. Let g = 5 - o. What is l(g)?
2
Suppose 0*b - 4*b + 12 = 0. Let m(d) = -10*d**3 + 16*d**2 + 3*d - 5. Let o(v) = -7*v**3 + 11*v**2 + 2*v - 3. Let y(f) = -5*m(f) + 7*o(f). Determine y(b).
1
Let z(r)